{"id":201,"date":"2025-04-29T13:10:00","date_gmt":"2025-04-29T13:10:00","guid":{"rendered":"https:\/\/habitaeco.com\/silverstorm\/"},"modified":"2025-05-07T18:48:50","modified_gmt":"2025-05-07T18:48:50","slug":"https-habitaeco-com","status":"publish","type":"page","link":"https:\/\/habitaeco.com\/","title":{"rendered":"TU CASA A TU MANERA"},"content":{"rendered":"<div data-colibri-id=\"201-c1\" class=\"style-214 style-local-201-c1 position-relative\">\n  <!---->\n<\/div>","protected":false},"excerpt":{"rendered":"<p> [&hellip;]<\/p>\n","protected":false},"author":1,"featured_media":0,"parent":0,"menu_order":0,"comment_status":"closed","ping_status":"closed","template":"page-templates\/homepage.php","meta":{"footnotes":""},"class_list":["post-201","page","type-page","status-publish","hentry"],"yoast_head":"<!-- This site is optimized with the Yoast SEO plugin v24.9 - https:\/\/yoast.com\/wordpress\/plugins\/seo\/ -->\n<title>TU CASA A TU MANERA - Habitaeco.com<\/title>\n<meta name=\"description\" content=\"Busca ideas de decoraci\u00f3n sostenible, bricolaje, jardiner\u00eda y dise\u00f1o ecol\u00f3gico para renovar tu hogar con estilo y conciencia.\" \/>\n<meta name=\"robots\" content=\"index, follow, max-snippet:-1, max-image-preview:large, max-video-preview:-1\" \/>\n<link rel=\"canonical\" href=\"https:\/\/habitaeco.com\/\" \/>\n<meta property=\"og:locale\" content=\"es_ES\" \/>\n<meta property=\"og:type\" content=\"article\" \/>\n<meta property=\"og:title\" content=\"TU CASA A TU MANERA - Habitaeco.com\" \/>\n<meta property=\"og:description\" content=\"Busca ideas de decoraci\u00f3n sostenible, bricolaje, jardiner\u00eda y dise\u00f1o ecol\u00f3gico para renovar tu hogar con estilo y conciencia.\" \/>\n<meta property=\"og:url\" content=\"https:\/\/habitaeco.com\/\" \/>\n<meta property=\"og:site_name\" content=\"Habitaeco.com\" \/>\n<meta property=\"article:modified_time\" content=\"2025-05-07T18:48:50+00:00\" \/>\n<meta name=\"twitter:card\" content=\"summary_large_image\" \/>\n<script type=\"application\/ld+json\" class=\"yoast-schema-graph\">{\"@context\":\"https:\/\/schema.org\",\"@graph\":[{\"@type\":\"WebPage\",\"@id\":\"https:\/\/habitaeco.com\/\",\"url\":\"https:\/\/habitaeco.com\/\",\"name\":\"TU CASA A TU MANERA - Habitaeco.com\",\"isPartOf\":{\"@id\":\"https:\/\/habitaeco.com\/#website\"},\"datePublished\":\"2025-04-29T13:10:00+00:00\",\"dateModified\":\"2025-05-07T18:48:50+00:00\",\"description\":\"Busca ideas de decoraci\u00f3n sostenible, bricolaje, jardiner\u00eda y dise\u00f1o ecol\u00f3gico para renovar tu hogar con estilo y conciencia.\",\"breadcrumb\":{\"@id\":\"https:\/\/habitaeco.com\/#breadcrumb\"},\"inLanguage\":\"es\",\"potentialAction\":[{\"@type\":\"ReadAction\",\"target\":[\"https:\/\/habitaeco.com\/\"]}]},{\"@type\":\"BreadcrumbList\",\"@id\":\"https:\/\/habitaeco.com\/#breadcrumb\",\"itemListElement\":[{\"@type\":\"ListItem\",\"position\":1,\"name\":\"Home\",\"item\":\"https:\/\/habitaeco.com\/\"},{\"@type\":\"ListItem\",\"position\":2,\"name\":\"TU CASA A TU MANERA\"}]},{\"@type\":\"WebSite\",\"@id\":\"https:\/\/habitaeco.com\/#website\",\"url\":\"https:\/\/habitaeco.com\/\",\"name\":\"Habitaeco.com\",\"description\":\"Tu casa a tu manera. Ideas y formas de mejorar tu entorno de forma ecol\u00f3gica y org\u00e1nica.\",\"publisher\":{\"@id\":\"https:\/\/habitaeco.com\/#organization\"},\"potentialAction\":[{\"@type\":\"SearchAction\",\"target\":{\"@type\":\"EntryPoint\",\"urlTemplate\":\"https:\/\/habitaeco.com\/?s={search_term_string}\"},\"query-input\":{\"@type\":\"PropertyValueSpecification\",\"valueRequired\":true,\"valueName\":\"search_term_string\"}}],\"inLanguage\":\"es\"},{\"@type\":\"Organization\",\"@id\":\"https:\/\/habitaeco.com\/#organization\",\"name\":\"Habitaeco.com\",\"url\":\"https:\/\/habitaeco.com\/\",\"logo\":{\"@type\":\"ImageObject\",\"inLanguage\":\"es\",\"@id\":\"https:\/\/habitaeco.com\/#\/schema\/logo\/image\/\",\"url\":\"https:\/\/habitaeco.com\/wp-content\/uploads\/2025\/04\/DALL\u00b7E-2025-04-24-11.18.27-Favicon-icon-for-the-eco-friendly-brand-HabitaEco.-The-icon-should-be-minimal-and-easily-recognizable-at-small-sizes.-Use-a-simple-and-clean-design-.webp\",\"contentUrl\":\"https:\/\/habitaeco.com\/wp-content\/uploads\/2025\/04\/DALL\u00b7E-2025-04-24-11.18.27-Favicon-icon-for-the-eco-friendly-brand-HabitaEco.-The-icon-should-be-minimal-and-easily-recognizable-at-small-sizes.-Use-a-simple-and-clean-design-.webp\",\"width\":1024,\"height\":1024,\"caption\":\"Habitaeco.com\"},\"image\":{\"@id\":\"https:\/\/habitaeco.com\/#\/schema\/logo\/image\/\"}}]}<\/script>\n<!-- \/ Yoast SEO plugin. -->","yoast_head_json":{"title":"TU CASA A TU MANERA - Habitaeco.com","description":"Busca ideas de decoraci\u00f3n sostenible, bricolaje, jardiner\u00eda y dise\u00f1o ecol\u00f3gico para renovar tu hogar con estilo y conciencia.","robots":{"index":"index","follow":"follow","max-snippet":"max-snippet:-1","max-image-preview":"max-image-preview:large","max-video-preview":"max-video-preview:-1"},"canonical":"https:\/\/habitaeco.com\/","og_locale":"es_ES","og_type":"article","og_title":"TU CASA A TU MANERA - Habitaeco.com","og_description":"Busca ideas de decoraci\u00f3n sostenible, bricolaje, jardiner\u00eda y dise\u00f1o ecol\u00f3gico para renovar tu hogar con estilo y conciencia.","og_url":"https:\/\/habitaeco.com\/","og_site_name":"Habitaeco.com","article_modified_time":"2025-05-07T18:48:50+00:00","twitter_card":"summary_large_image","schema":{"@context":"https:\/\/schema.org","@graph":[{"@type":"WebPage","@id":"https:\/\/habitaeco.com\/","url":"https:\/\/habitaeco.com\/","name":"TU CASA A TU MANERA - Habitaeco.com","isPartOf":{"@id":"https:\/\/habitaeco.com\/#website"},"datePublished":"2025-04-29T13:10:00+00:00","dateModified":"2025-05-07T18:48:50+00:00","description":"Busca ideas de decoraci\u00f3n sostenible, bricolaje, jardiner\u00eda y dise\u00f1o ecol\u00f3gico para renovar tu hogar con estilo y conciencia.","breadcrumb":{"@id":"https:\/\/habitaeco.com\/#breadcrumb"},"inLanguage":"es","potentialAction":[{"@type":"ReadAction","target":["https:\/\/habitaeco.com\/"]}]},{"@type":"BreadcrumbList","@id":"https:\/\/habitaeco.com\/#breadcrumb","itemListElement":[{"@type":"ListItem","position":1,"name":"Home","item":"https:\/\/habitaeco.com\/"},{"@type":"ListItem","position":2,"name":"TU CASA A TU MANERA"}]},{"@type":"WebSite","@id":"https:\/\/habitaeco.com\/#website","url":"https:\/\/habitaeco.com\/","name":"Habitaeco.com","description":"Tu casa a tu manera. Ideas y formas de mejorar tu entorno de forma ecol\u00f3gica y org\u00e1nica.","publisher":{"@id":"https:\/\/habitaeco.com\/#organization"},"potentialAction":[{"@type":"SearchAction","target":{"@type":"EntryPoint","urlTemplate":"https:\/\/habitaeco.com\/?s={search_term_string}"},"query-input":{"@type":"PropertyValueSpecification","valueRequired":true,"valueName":"search_term_string"}}],"inLanguage":"es"},{"@type":"Organization","@id":"https:\/\/habitaeco.com\/#organization","name":"Habitaeco.com","url":"https:\/\/habitaeco.com\/","logo":{"@type":"ImageObject","inLanguage":"es","@id":"https:\/\/habitaeco.com\/#\/schema\/logo\/image\/","url":"https:\/\/habitaeco.com\/wp-content\/uploads\/2025\/04\/DALL\u00b7E-2025-04-24-11.18.27-Favicon-icon-for-the-eco-friendly-brand-HabitaEco.-The-icon-should-be-minimal-and-easily-recognizable-at-small-sizes.-Use-a-simple-and-clean-design-.webp","contentUrl":"https:\/\/habitaeco.com\/wp-content\/uploads\/2025\/04\/DALL\u00b7E-2025-04-24-11.18.27-Favicon-icon-for-the-eco-friendly-brand-HabitaEco.-The-icon-should-be-minimal-and-easily-recognizable-at-small-sizes.-Use-a-simple-and-clean-design-.webp","width":1024,"height":1024,"caption":"Habitaeco.com"},"image":{"@id":"https:\/\/habitaeco.com\/#\/schema\/logo\/image\/"}}]}},"_links":{"self":[{"href":"https:\/\/habitaeco.com\/index.php?rest_route=\/wp\/v2\/pages\/201","targetHints":{"allow":["GET"]}}],"collection":[{"href":"https:\/\/habitaeco.com\/index.php?rest_route=\/wp\/v2\/pages"}],"about":[{"href":"https:\/\/habitaeco.com\/index.php?rest_route=\/wp\/v2\/types\/page"}],"author":[{"embeddable":true,"href":"https:\/\/habitaeco.com\/index.php?rest_route=\/wp\/v2\/users\/1"}],"replies":[{"embeddable":true,"href":"https:\/\/habitaeco.com\/index.php?rest_route=%2Fwp%2Fv2%2Fcomments&post=201"}],"version-history":[{"count":10,"href":"https:\/\/habitaeco.com\/index.php?rest_route=\/wp\/v2\/pages\/201\/revisions"}],"predecessor-version":[{"id":469,"href":"https:\/\/habitaeco.com\/index.php?rest_route=\/wp\/v2\/pages\/201\/revisions\/469"}],"wp:attachment":[{"href":"https:\/\/habitaeco.com\/index.php?rest_route=%2Fwp%2Fv2%2Fmedia&parent=201"}],"curies":[{"name":"wp","href":"https:\/\/api.w.org\/{rel}","templated":true}]}}